{"id":92261,"date":"2024-09-17T21:33:56","date_gmt":"2024-09-18T00:33:56","guid":{"rendered":"https:\/\/gessoartedecor.com.br\/?page_id=92261"},"modified":"2024-09-17T21:33:56","modified_gmt":"2024-09-18T00:33:56","slug":"sancas-de-gesso","status":"publish","type":"page","link":"https:\/\/gessoartedecor.com.br\/?page_id=92261","title":{"rendered":"Sancas de Gesso"},"content":{"rendered":"<table style=\"border-collapse: collapse; width: 100%;\">\n<tbody>\n<tr>\n<td style=\"width: 50%;\"><img loading=\"lazy\" decoding=\"async\" class=\"alignleft wp-image-352\" title=\"Sanca De Gesso Arte Decor\" src=\"https:\/\/gessoartedecor.com.br\/wp-content\/uploads\/2020\/04\/Sanca-Aberta-1-300x300.jpg\" alt=\"Sanca De Gesso Arte Decor\" width=\"500\" height=\"500\" srcset=\"https:\/\/gessoartedecor.com.br\/wp-content\/uploads\/2020\/04\/Sanca-Aberta-1-300x300.jpg 300w, https:\/\/gessoartedecor.com.br\/wp-content\/uploads\/2020\/04\/Sanca-Aberta-1-100x100.jpg 100w, https:\/\/gessoartedecor.com.br\/wp-content\/uploads\/2020\/04\/Sanca-Aberta-1-600x600.jpg 600w, https:\/\/gessoartedecor.com.br\/wp-content\/uploads\/2020\/04\/Sanca-Aberta-1-150x150.jpg 150w, https:\/\/gessoartedecor.com.br\/wp-content\/uploads\/2020\/04\/Sanca-Aberta-1-768x768.jpg 768w, https:\/\/gessoartedecor.com.br\/wp-content\/uploads\/2020\/04\/Sanca-Aberta-1-60x60.jpg 60w, https:\/\/gessoartedecor.com.br\/wp-content\/uploads\/2020\/04\/Sanca-Aberta-1-468x468.jpg 468w, https:\/\/gessoartedecor.com.br\/wp-content\/uploads\/2020\/04\/Sanca-Aberta-1.jpg 960w\" sizes=\"auto, (max-width: 500px) 100vw, 500px\" \/><\/td>\n<td style=\"width: 50%;\"><img loading=\"lazy\" decoding=\"async\" class=\"alignleft wp-image-340\" title=\"Sanca de Gesso\" src=\"https:\/\/gessoartedecor.com.br\/wp-content\/uploads\/2020\/04\/Sanca-de-Gesso-2-300x300.jpg\" alt=\"Sanca de Gesso\" width=\"500\" height=\"500\" srcset=\"https:\/\/gessoartedecor.com.br\/wp-content\/uploads\/2020\/04\/Sanca-de-Gesso-2-300x300.jpg 300w, https:\/\/gessoartedecor.com.br\/wp-content\/uploads\/2020\/04\/Sanca-de-Gesso-2-100x100.jpg 100w, https:\/\/gessoartedecor.com.br\/wp-content\/uploads\/2020\/04\/Sanca-de-Gesso-2-600x600.jpg 600w, https:\/\/gessoartedecor.com.br\/wp-content\/uploads\/2020\/04\/Sanca-de-Gesso-2-150x150.jpg 150w, https:\/\/gessoartedecor.com.br\/wp-content\/uploads\/2020\/04\/Sanca-de-Gesso-2-768x768.jpg 768w, https:\/\/gessoartedecor.com.br\/wp-content\/uploads\/2020\/04\/Sanca-de-Gesso-2-60x60.jpg 60w, https:\/\/gessoartedecor.com.br\/wp-content\/uploads\/2020\/04\/Sanca-de-Gesso-2-468x468.jpg 468w, https:\/\/gessoartedecor.com.br\/wp-content\/uploads\/2020\/04\/Sanca-de-Gesso-2.jpg 960w\" sizes=\"auto, (max-width: 500px) 100vw, 500px\" \/><\/td>\n<\/tr>\n<\/tbody>\n<\/table>\n<p>&nbsp;<\/p>\n<p><span style=\"font-size: 18pt;\">Quem pensa que a moldura de gesso serve apenas para ambientes no estilo cl\u00e1ssico est\u00e1 bem enganado. <\/span><\/p>\n<p><span style=\"font-size: 18pt;\">Hoje em dia, o uso da moldura de gesso est\u00e1 cada vez mais popular exatamente pelo fato de existirem diversos modelos de moldura, tanto aqueles para ambientes tradicionais e cl\u00e1ssicos quanto para os mais modernos e sofisticados.<\/span><\/p>\n<p><span style=\"font-size: 18pt;\"> Por isso, \u00e9 sempre importante pensar na sua decora\u00e7\u00e3o antes de decidir qual moldura escolher.<\/span><\/p>\n<h2><span style=\"color: #ff6600;\"><em><span style=\"font-size: 24pt;\">O que s\u00e3o molduras de gesso?<\/span><\/em><\/span><\/h2>\n<p><span style=\"font-size: 18pt;\">As molduras de gesso tem fun\u00e7\u00e3o unicamente est\u00e9tica. S\u00e3o utilizadas para dar acabamento a tetos, paredes, portas e janelas. S\u00e3o capazes de transformar o ambiente, deixando-o muito mais sofisticado e elegante.<\/span><\/p>\n<table style=\"border-collapse: collapse; width: 100.97%;\">\n<tbody>\n<tr>\n<td style=\"width: 25%;\"><img loading=\"lazy\" decoding=\"async\" class=\"size-full wp-image-456 aligncenter\" src=\"https:\/\/gessoartedecor.com.br\/wp-content\/uploads\/2020\/05\/87980846_3278774352151419_1551428743791116288_n.jpg\" alt=\"Placa de Gesso\" width=\"720\" height=\"960\" srcset=\"https:\/\/gessoartedecor.com.br\/wp-content\/uploads\/2020\/05\/87980846_3278774352151419_1551428743791116288_n.jpg 720w, https:\/\/gessoartedecor.com.br\/wp-content\/uploads\/2020\/05\/87980846_3278774352151419_1551428743791116288_n-600x800.jpg 600w, https:\/\/gessoartedecor.com.br\/wp-content\/uploads\/2020\/05\/87980846_3278774352151419_1551428743791116288_n-225x300.jpg 225w, https:\/\/gessoartedecor.com.br\/wp-content\/uploads\/2020\/05\/87980846_3278774352151419_1551428743791116288_n-45x60.jpg 45w\" sizes=\"auto, (max-width: 720px) 100vw, 720px\" \/><\/td>\n<td style=\"width: 25%;\"><img loading=\"lazy\" decoding=\"async\" class=\"wp-image-455 size-full aligncenter\" src=\"https:\/\/gessoartedecor.com.br\/wp-content\/uploads\/2020\/05\/87520785_3278774488818072_69897380106862592_n.jpg\" alt=\"Placa de Gesso\" width=\"720\" height=\"960\" srcset=\"https:\/\/gessoartedecor.com.br\/wp-content\/uploads\/2020\/05\/87520785_3278774488818072_69897380106862592_n.jpg 720w, https:\/\/gessoartedecor.com.br\/wp-content\/uploads\/2020\/05\/87520785_3278774488818072_69897380106862592_n-600x800.jpg 600w, https:\/\/gessoartedecor.com.br\/wp-content\/uploads\/2020\/05\/87520785_3278774488818072_69897380106862592_n-225x300.jpg 225w, https:\/\/gessoartedecor.com.br\/wp-content\/uploads\/2020\/05\/87520785_3278774488818072_69897380106862592_n-45x60.jpg 45w\" sizes=\"auto, (max-width: 720px) 100vw, 720px\" \/><\/td>\n<td style=\"width: 25%;\"><img loading=\"lazy\" decoding=\"async\" class=\"alignleft wp-image-454 size-full\" title=\"Placa de Gesso\" src=\"https:\/\/gessoartedecor.com.br\/wp-content\/uploads\/2020\/05\/87406489_3278774435484744_7590312367246802944_n.jpg\" alt=\"Placa de Gesso\" width=\"720\" height=\"960\" srcset=\"https:\/\/gessoartedecor.com.br\/wp-content\/uploads\/2020\/05\/87406489_3278774435484744_7590312367246802944_n.jpg 720w, https:\/\/gessoartedecor.com.br\/wp-content\/uploads\/2020\/05\/87406489_3278774435484744_7590312367246802944_n-600x800.jpg 600w, https:\/\/gessoartedecor.com.br\/wp-content\/uploads\/2020\/05\/87406489_3278774435484744_7590312367246802944_n-225x300.jpg 225w, https:\/\/gessoartedecor.com.br\/wp-content\/uploads\/2020\/05\/87406489_3278774435484744_7590312367246802944_n-45x60.jpg 45w\" sizes=\"auto, (max-width: 720px) 100vw, 720px\" \/><\/td>\n<td style=\"width: 25%;\"><img loading=\"lazy\" decoding=\"async\" class=\"alignleft wp-image-453\" src=\"https:\/\/gessoartedecor.com.br\/wp-content\/uploads\/2020\/05\/87370943_3278774608818060_5788556161892483072_n.jpg\" alt=\"Placa de Gesso\" width=\"212\" height=\"212\" srcset=\"https:\/\/gessoartedecor.com.br\/wp-content\/uploads\/2020\/05\/87370943_3278774608818060_5788556161892483072_n.jpg 200w, https:\/\/gessoartedecor.com.br\/wp-content\/uploads\/2020\/05\/87370943_3278774608818060_5788556161892483072_n-100x100.jpg 100w, https:\/\/gessoartedecor.com.br\/wp-content\/uploads\/2020\/05\/87370943_3278774608818060_5788556161892483072_n-150x150.jpg 150w, https:\/\/gessoartedecor.com.br\/wp-content\/uploads\/2020\/05\/87370943_3278774608818060_5788556161892483072_n-60x60.jpg 60w\" sizes=\"auto, (max-width: 212px) 100vw, 212px\" \/><\/td>\n<\/tr>\n<\/tbody>\n<\/table>\n<h2><span style=\"color: #ff6600;\"><em><span style=\"font-size: 24pt;\">Onde podem ser aplicadas as molduras de gesso?<\/span><\/em><\/span><\/h2>\n<p><span style=\"font-size: 18pt;\">A moldura de gesso \u00e9 bastante vers\u00e1til e \u00e9 poss\u00edvel aplic\u00e1-la em diferentes ambientes, seguindo o estilo que deseja. As molduras de gesso podem ser aplicadas tanto no teto, como em paredes e ao redor de portas e janelas.<\/span><\/p>\n<ul>\n<li><span style=\"font-size: 18pt;\">No teto, serve para dar acabamento ao gesso ou a laje, e \u00e9 aplicado em sua volta. Por isso tem o nome de roda-teto.\u00a0 \u00a0Pode ser aplicado somente no teto, somente na parede ou no encontro entre parede e teto.<\/span><\/li>\n<li><span style=\"font-size: 18pt;\">Nas paredes serve para dar uma volumetria e destaque a elas, projetando v\u00e1rias molduras, criando um efeito bastante interessante.<\/span><\/li>\n<li><span style=\"font-size: 18pt;\">A moldura de gesso pode ainda ser aplicada ao redor de portas e janelas, como uma esp\u00e9cie de guarni\u00e7\u00e3o.Elas remetem ao estilo cl\u00e1ssico, mas dependendo do modelo, se forem mais retas, podem aplicadas em decora\u00e7\u00f5es mais modernas e industriais.<\/span><\/li>\n<\/ul>\n<table style=\"border-collapse: collapse; width: 100%;\">\n<tbody>\n<tr>\n<td style=\"width: 33.3333%;\"><img loading=\"lazy\" decoding=\"async\" class=\"wp-image-449 size-medium aligncenter\" title=\"Sanca Em Gesso\" src=\"https:\/\/gessoartedecor.com.br\/wp-content\/uploads\/2020\/05\/55622763_2585088951519966_4182668684487032832dfgh_o-300x300.jpg\" alt=\"Sanca Em Gesso\" width=\"300\" height=\"300\" srcset=\"https:\/\/gessoartedecor.com.br\/wp-content\/uploads\/2020\/05\/55622763_2585088951519966_4182668684487032832dfgh_o-300x300.jpg 300w, https:\/\/gessoartedecor.com.br\/wp-content\/uploads\/2020\/05\/55622763_2585088951519966_4182668684487032832dfgh_o-100x100.jpg 100w, https:\/\/gessoartedecor.com.br\/wp-content\/uploads\/2020\/05\/55622763_2585088951519966_4182668684487032832dfgh_o-600x600.jpg 600w, https:\/\/gessoartedecor.com.br\/wp-content\/uploads\/2020\/05\/55622763_2585088951519966_4182668684487032832dfgh_o-150x150.jpg 150w, https:\/\/gessoartedecor.com.br\/wp-content\/uploads\/2020\/05\/55622763_2585088951519966_4182668684487032832dfgh_o-768x768.jpg 768w, https:\/\/gessoartedecor.com.br\/wp-content\/uploads\/2020\/05\/55622763_2585088951519966_4182668684487032832dfgh_o-60x60.jpg 60w, https:\/\/gessoartedecor.com.br\/wp-content\/uploads\/2020\/05\/55622763_2585088951519966_4182668684487032832dfgh_o-468x468.jpg 468w, https:\/\/gessoartedecor.com.br\/wp-content\/uploads\/2020\/05\/55622763_2585088951519966_4182668684487032832dfgh_o.jpg 960w\" sizes=\"auto, (max-width: 300px) 100vw, 300px\" \/><\/td>\n<td style=\"width: 33.3333%;\"><img loading=\"lazy\" decoding=\"async\" class=\"size-full wp-image-448 aligncenter\" src=\"https:\/\/gessoartedecor.com.br\/wp-content\/uploads\/2020\/05\/53582002_2556267177735477_425yyyyy5004442081886208_o.jpg\" alt=\"Sanca Em Gesso\" width=\"960\" height=\"960\" srcset=\"https:\/\/gessoartedecor.com.br\/wp-content\/uploads\/2020\/05\/53582002_2556267177735477_425yyyyy5004442081886208_o.jpg 960w, https:\/\/gessoartedecor.com.br\/wp-content\/uploads\/2020\/05\/53582002_2556267177735477_425yyyyy5004442081886208_o-300x300.jpg 300w, https:\/\/gessoartedecor.com.br\/wp-content\/uploads\/2020\/05\/53582002_2556267177735477_425yyyyy5004442081886208_o-100x100.jpg 100w, https:\/\/gessoartedecor.com.br\/wp-content\/uploads\/2020\/05\/53582002_2556267177735477_425yyyyy5004442081886208_o-600x600.jpg 600w, https:\/\/gessoartedecor.com.br\/wp-content\/uploads\/2020\/05\/53582002_2556267177735477_425yyyyy5004442081886208_o-150x150.jpg 150w, https:\/\/gessoartedecor.com.br\/wp-content\/uploads\/2020\/05\/53582002_2556267177735477_425yyyyy5004442081886208_o-768x768.jpg 768w, https:\/\/gessoartedecor.com.br\/wp-content\/uploads\/2020\/05\/53582002_2556267177735477_425yyyyy5004442081886208_o-60x60.jpg 60w, https:\/\/gessoartedecor.com.br\/wp-content\/uploads\/2020\/05\/53582002_2556267177735477_425yyyyy5004442081886208_o-468x468.jpg 468w\" sizes=\"auto, (max-width: 960px) 100vw, 960px\" \/><\/td>\n<td style=\"width: 33.3333%;\"><img loading=\"lazy\" decoding=\"async\" class=\"wp-image-344 size-medium aligncenter\" title=\"Sanca Em Gesso\" src=\"https:\/\/gessoartedecor.com.br\/wp-content\/uploads\/2020\/04\/Sanca1-300x300.jpg\" alt=\"Sanca de Gesso\" width=\"300\" height=\"300\" srcset=\"https:\/\/gessoartedecor.com.br\/wp-content\/uploads\/2020\/04\/Sanca1-300x300.jpg 300w, https:\/\/gessoartedecor.com.br\/wp-content\/uploads\/2020\/04\/Sanca1-100x100.jpg 100w, https:\/\/gessoartedecor.com.br\/wp-content\/uploads\/2020\/04\/Sanca1-600x600.jpg 600w, https:\/\/gessoartedecor.com.br\/wp-content\/uploads\/2020\/04\/Sanca1-150x150.jpg 150w, https:\/\/gessoartedecor.com.br\/wp-content\/uploads\/2020\/04\/Sanca1-768x768.jpg 768w, https:\/\/gessoartedecor.com.br\/wp-content\/uploads\/2020\/04\/Sanca1-60x60.jpg 60w, https:\/\/gessoartedecor.com.br\/wp-content\/uploads\/2020\/04\/Sanca1-468x468.jpg 468w, https:\/\/gessoartedecor.com.br\/wp-content\/uploads\/2020\/04\/Sanca1.jpg 960w\" sizes=\"auto, (max-width: 300px) 100vw, 300px\" \/><\/td>\n<\/tr>\n<\/tbody>\n<\/table>\n<h2><em><span style=\"font-size: 24pt; color: #ff6600;\">Como escolher a moldura de gesso?<\/span><\/em><\/h2>\n<p><span style=\"font-size: 18pt;\">A escolha da moldura de gesso deve levar em considera\u00e7\u00e3o o estilo da decora\u00e7\u00e3o e o tamanho do ambiente que ser\u00e1 aplicado.<\/span><\/p>\n<p><span style=\"font-size: 18pt;\">Os modelos mais arredondados e cheios de detalhe remetem ao estilo cl\u00e1ssico.<\/span><\/p>\n<h3><em><span style=\"color: #ff6600; font-size: 18pt;\">Escolha do tamanho.<\/span><\/em><\/h3>\n<p><span style=\"font-size: 18pt;\">Para ambientes pequenos, as molduras de gesso devem ter formas mais retas, de prefer\u00eancia aplic\u00e1-la em 90 graus e n\u00e3o muito pequena, como muitos acham. Molduras muito pequenas tendem a chamar ainda mais aten\u00e7\u00e3o para o espa\u00e7o reduzido do ambiente.<\/span><\/p>\n<p><span style=\"font-size: 18pt;\">Em ambientes grandes e espa\u00e7osos devem ser utilizadas molduras largas. Se for roda-teto aplique-as tanto no teto quanto nas paredes, para dar um ar aconchegante ao ambiente.<\/span><\/p>\n<p>&nbsp;<\/p>\n<p><span style=\"font-size: 18pt;\"><img loading=\"lazy\" decoding=\"async\" class=\"wp-image-775 size-medium alignleft\" title=\"Moldura de Gesso - Arte Decor\" src=\"https:\/\/gessoartedecor.com.br\/wp-content\/uploads\/2020\/05\/53582002_2556267177735477_425yyyyy5004442081886208_o-1-300x300.jpg\" alt=\"Sanca Em Gesso\" width=\"300\" height=\"300\" srcset=\"https:\/\/gessoartedecor.com.br\/wp-content\/uploads\/2020\/05\/53582002_2556267177735477_425yyyyy5004442081886208_o-1-300x300.jpg 300w, https:\/\/gessoartedecor.com.br\/wp-content\/uploads\/2020\/05\/53582002_2556267177735477_425yyyyy5004442081886208_o-1-150x150.jpg 150w, https:\/\/gessoartedecor.com.br\/wp-content\/uploads\/2020\/05\/53582002_2556267177735477_425yyyyy5004442081886208_o-1-768x768.jpg 768w, https:\/\/gessoartedecor.com.br\/wp-content\/uploads\/2020\/05\/53582002_2556267177735477_425yyyyy5004442081886208_o-1-230x230.jpg 230w, https:\/\/gessoartedecor.com.br\/wp-content\/uploads\/2020\/05\/53582002_2556267177735477_425yyyyy5004442081886208_o-1-365x365.jpg 365w, https:\/\/gessoartedecor.com.br\/wp-content\/uploads\/2020\/05\/53582002_2556267177735477_425yyyyy5004442081886208_o-1-600x600.jpg 600w, https:\/\/gessoartedecor.com.br\/wp-content\/uploads\/2020\/05\/53582002_2556267177735477_425yyyyy5004442081886208_o-1-100x100.jpg 100w, https:\/\/gessoartedecor.com.br\/wp-content\/uploads\/2020\/05\/53582002_2556267177735477_425yyyyy5004442081886208_o-1.jpg 960w\" sizes=\"auto, (max-width: 300px) 100vw, 300px\" \/>A moldura de gesso vem conquistando cada vez mais espa\u00e7o nos projetos de arquitetura. Isso porque, seu design vers\u00e1til e sua qualidade fez com que diversos modelos de moldura de gesso fossem inseridos no mercado, facilitando assim a sua harmonia\u00a0com os mais diferentes estilos de\u00a0decora\u00e7\u00e3o.<\/span><\/p>\n<p><span style=\"font-size: 18pt;\">Logo, caso voc\u00ea deseje incluir uma moldura de gesso na decora\u00e7\u00e3o do seu ambiente, por\u00e9m ainda est\u00e1 com d\u00favidas sobre qual modelo escolher, ou melhor, quer at\u00e9 aprender como colocar uma moldura de gesso em\u00a0casa, ent\u00e3o esse post foi feito especialmente para voc\u00ea.\u00a0Confira!<\/span><\/p>\n<h2><em><span style=\"font-size: 24pt; color: #ff6600;\">Moldura de gesso para teto.<\/span><\/em><\/h2>\n<p><span style=\"font-size: 18pt;\">H\u00e1 diversos tipos de moldura de gesso para teto, com tamanhos e formatos diferenciados atendendo assim os mais diferentes gostos e estilos de decora\u00e7\u00e3o.<\/span><\/p>\n<p><span style=\"font-size: 18pt;\"> Por isso, antes de optar pela escolha de uma moldura de gesso para teto \u00e9 importante definir, primeiramente, qual o estilo de decora\u00e7\u00e3o\u00a0ser\u00e1 incorporado no ambiente. <\/span><\/p>\n<p><span style=\"font-size: 18pt;\">Assim como, o local onde a moldura ser\u00e1 exposta a exemplo dos\u00a0corredores\u00a0em casa.<\/span><\/p>\n<p><span style=\"font-size: 18pt;\">No exemplo abaixo, seguindo\u00a0o estilo contempor\u00e2neo foi inserido na\u00a0sala de estar\u00a0uma moldura de gesso para fazer um\u00a0teto de gesso\u00a0com design org\u00e2nico. Aqui, o rebaixamento do forro de gesso foi estruturado com ilumina\u00e7\u00e3o lateral embutida e abertura para a instala\u00e7\u00e3o da cortina.<\/span><\/p>\n<p><span style=\"font-size: 18pt;\">A versatilidade da moldura de gesso para teto permite que o material seja instalado com a uni\u00e3o de outros materiais, como \u00e9 o caso da madeira.<\/span><\/p>\n<p><span style=\"font-size: 18pt;\"> No ambiente\u00a0abaixo, \u00e9 poss\u00edvel observar que a moldura de gesso para teto foi instalada em conjunto com uma estrutura de madeira. A uni\u00e3o desses materiais no acabamento do c\u00f4modo\u00a0proporciona aos moradores um ambiente de aconchego.<\/span><\/p>\n<div id=\"attachment_99402\" class=\"wp-caption aligncenter\" data-gtm-vis-has-fired-12183933_31=\"1\">\n<div class=\"content__image__container\">\n<table style=\"border-collapse: collapse; width: 100%;\">\n<tbody>\n<tr>\n<td style=\"width: 50%;\"><img loading=\"lazy\" decoding=\"async\" class=\"wp-image-333\" title=\"Moldura Em Gesso\" src=\"https:\/\/gessoartedecor.com.br\/wp-content\/uploads\/2020\/04\/Moldura-Em-Gesso-3-300x300.jpg\" alt=\"Moldura Em Gesso\" width=\"500\" height=\"500\" srcset=\"https:\/\/gessoartedecor.com.br\/wp-content\/uploads\/2020\/04\/Moldura-Em-Gesso-3-300x300.jpg 300w, https:\/\/gessoartedecor.com.br\/wp-content\/uploads\/2020\/04\/Moldura-Em-Gesso-3-100x100.jpg 100w, https:\/\/gessoartedecor.com.br\/wp-content\/uploads\/2020\/04\/Moldura-Em-Gesso-3-600x600.jpg 600w, https:\/\/gessoartedecor.com.br\/wp-content\/uploads\/2020\/04\/Moldura-Em-Gesso-3-150x150.jpg 150w, https:\/\/gessoartedecor.com.br\/wp-content\/uploads\/2020\/04\/Moldura-Em-Gesso-3-768x768.jpg 768w, https:\/\/gessoartedecor.com.br\/wp-content\/uploads\/2020\/04\/Moldura-Em-Gesso-3-60x60.jpg 60w, https:\/\/gessoartedecor.com.br\/wp-content\/uploads\/2020\/04\/Moldura-Em-Gesso-3-468x468.jpg 468w, https:\/\/gessoartedecor.com.br\/wp-content\/uploads\/2020\/04\/Moldura-Em-Gesso-3.jpg 960w\" sizes=\"auto, (max-width: 500px) 100vw, 500px\" \/><\/td>\n<td style=\"width: 50%;\"><img loading=\"lazy\" decoding=\"async\" class=\"wp-image-339\" title=\"Sanca de Gesso - Moldura\" src=\"https:\/\/gessoartedecor.com.br\/wp-content\/uploads\/2020\/04\/sanca-aberta2-300x300.jpg\" alt=\"Sanca de Gesso - Moldura\" width=\"500\" height=\"500\" srcset=\"https:\/\/gessoartedecor.com.br\/wp-content\/uploads\/2020\/04\/sanca-aberta2-300x300.jpg 300w, https:\/\/gessoartedecor.com.br\/wp-content\/uploads\/2020\/04\/sanca-aberta2-100x100.jpg 100w, https:\/\/gessoartedecor.com.br\/wp-content\/uploads\/2020\/04\/sanca-aberta2-600x600.jpg 600w, https:\/\/gessoartedecor.com.br\/wp-content\/uploads\/2020\/04\/sanca-aberta2-150x150.jpg 150w, https:\/\/gessoartedecor.com.br\/wp-content\/uploads\/2020\/04\/sanca-aberta2-768x768.jpg 768w, https:\/\/gessoartedecor.com.br\/wp-content\/uploads\/2020\/04\/sanca-aberta2-60x60.jpg 60w, https:\/\/gessoartedecor.com.br\/wp-content\/uploads\/2020\/04\/sanca-aberta2-468x468.jpg 468w, https:\/\/gessoartedecor.com.br\/wp-content\/uploads\/2020\/04\/sanca-aberta2.jpg 960w\" sizes=\"auto, (max-width: 500px) 100vw, 500px\" \/><\/td>\n<\/tr>\n<\/tbody>\n<\/table>\n<h2><em><span style=\"font-size: 24pt; color: #ff6600;\">Moldura de gesso para parede.<\/span><\/em><\/h2>\n<p><span style=\"font-size: 18pt;\">A moldura de gesso para parede tamb\u00e9m conhecida como Boiserie,\u00a0\u00e9 resultado\u00a0de uma t\u00e9cnica francesa criada entre os s\u00e9culos 17 e 18. <\/span><\/p>\n<p><span style=\"font-size: 18pt;\">Valendo mencionar, que diferente daquela \u00e9poca onde as molduras de gesso eram instaladas com diversos detalhes e cores brilhantes, as de hoje s\u00e3o mais discretas e recebem muitas vezes o aux\u00edlio de pontos de ilumina\u00e7\u00e3o.<\/span><\/p>\n<p><span style=\"font-size: 18pt;\">Observe que a sala de estar abaixo recebeu como complemento em sua decora\u00e7\u00e3o uma moldura de gesso para parede. <\/span><\/p>\n<p><span style=\"font-size: 18pt;\">A presen\u00e7a desse painel de gesso pr\u00f3ximo ao sof\u00e1 foi real\u00e7ado com a ilumina\u00e7\u00e3o pontual com l\u00e2mpada Led.<\/span><\/p>\n<h4><em><span style=\"font-size: 24pt; color: #ff6600;\">Molduras de gesso para sala.<\/span><\/em><\/h4>\n<table style=\"border-collapse: collapse; width: 100%;\">\n<tbody>\n<tr>\n<td style=\"width: 50%;\"><img loading=\"lazy\" decoding=\"async\" class=\"aligncenter wp-image-776 size-full\" title=\"Sanca Em Gesso\" src=\"https:\/\/gessoartedecor.com.br\/wp-content\/uploads\/2020\/05\/55529878_2587869581241903_2125198544464773120_o-e1589843799183.jpg\" alt=\"Sanca Em Gesso\" width=\"450\" height=\"450\" \/><\/td>\n<td style=\"width: 50%;\"><img loading=\"lazy\" decoding=\"async\" class=\"aligncenter wp-image-476 size-full\" title=\"Sanca Em Gesso\" src=\"https:\/\/gessoartedecor.com.br\/wp-content\/uploads\/2020\/05\/56770450_2600034490025412_1228754868819197952_o-e1589843848940.jpg\" alt=\"Divisoria Em Drywall\" width=\"450\" height=\"450\" \/><\/td>\n<\/tr>\n<\/tbody>\n<\/table>\n<p><span style=\"font-size: 18pt;\">Mesmo com os diferentes c\u00f4modos existentes dentro de uma casa, a\u00a0procura\u00a0por\u00a0gesso no momento de decorar o espa\u00e7o da sala de estar ainda se mant\u00eam\u00a0alta.<\/span><\/p>\n<p><span style=\"font-size: 18pt;\"> Logo, pode-se dizer que as molduras de gesso para sala ainda continuam sendo as \u201cqueridinhas\u201d por parte dos consumidores\u00a0na etapa de decora\u00e7\u00e3o.<\/span><\/p>\n<p><span style=\"font-size: 18pt;\">Nesse ambiente, a decora\u00e7\u00e3o foi complementada com a presen\u00e7a de molduras de gesso para sala.<\/span><\/p>\n<p><span style=\"font-size: 18pt;\"> Aqui, parte da moldura de gesso recebeu a instala\u00e7\u00e3o de l\u00e2mpadas\u00a0led branca e a outra parte estruturada em forma de sanca recebeu ilumina\u00e7\u00e3o na cor azul, proporcionando assim uma decora\u00e7\u00e3o integrada entre os c\u00f4modos da sala de estar e\u00a0sala de jantar.<\/span><\/p>\n<\/div>\n<\/div>\n<p>&nbsp;<\/p>\n","protected":false},"excerpt":{"rendered":"<p>&nbsp; Quem pensa que a moldura de gesso serve apenas para ambientes no estilo cl\u00e1ssico est\u00e1 bem enganado. Hoje em dia, o uso da moldura de gesso est\u00e1 cada vez mais popular exatamente pelo fato de existirem diversos modelos de<\/p>\n","protected":false},"author":1,"featured_media":0,"parent":0,"menu_order":0,"comment_status":"closed","ping_status":"closed","template":"","meta":{"_joinchat":[],"footnotes":""},"class_list":["post-92261","page","type-page","status-publish","hentry"],"_links":{"self":[{"href":"https:\/\/gessoartedecor.com.br\/index.php?rest_route=\/wp\/v2\/pages\/92261","targetHints":{"allow":["GET"]}}],"collection":[{"href":"https:\/\/gessoartedecor.com.br\/index.php?rest_route=\/wp\/v2\/pages"}],"about":[{"href":"https:\/\/gessoartedecor.com.br\/index.php?rest_route=\/wp\/v2\/types\/page"}],"author":[{"embeddable":true,"href":"https:\/\/gessoartedecor.com.br\/index.php?rest_route=\/wp\/v2\/users\/1"}],"replies":[{"embeddable":true,"href":"https:\/\/gessoartedecor.com.br\/index.php?rest_route=%2Fwp%2Fv2%2Fcomments&post=92261"}],"version-history":[{"count":1,"href":"https:\/\/gessoartedecor.com.br\/index.php?rest_route=\/wp\/v2\/pages\/92261\/revisions"}],"predecessor-version":[{"id":92265,"href":"https:\/\/gessoartedecor.com.br\/index.php?rest_route=\/wp\/v2\/pages\/92261\/revisions\/92265"}],"wp:attachment":[{"href":"https:\/\/gessoartedecor.com.br\/index.php?rest_route=%2Fwp%2Fv2%2Fmedia&parent=92261"}],"curies":[{"name":"wp","href":"https:\/\/api.w.org\/{rel}","templated":true}]}}