{"id":246,"date":"2020-04-23T14:51:03","date_gmt":"2020-04-23T17:51:03","guid":{"rendered":"https:\/\/gessoartedecor.com.br\/?page_id=246"},"modified":"2024-04-28T20:50:06","modified_gmt":"2024-04-28T23:50:06","slug":"gesso-liso","status":"publish","type":"page","link":"https:\/\/gessoartedecor.com.br\/?page_id=246","title":{"rendered":"Gesso Liso"},"content":{"rendered":"<table style=\"border-collapse: collapse; width: 100%;\">\n<tbody>\n<tr>\n<td style=\"width: 50%;\"><img loading=\"lazy\" decoding=\"async\" class=\"alignleft wp-image-288\" title=\"Gesso Liso\" src=\"https:\/\/gessoartedecor.com.br\/wp-content\/uploads\/2020\/04\/Slide1-1.jpg\" alt=\"Gesso Liso\" width=\"500\" height=\"500\" srcset=\"https:\/\/gessoartedecor.com.br\/wp-content\/uploads\/2020\/04\/Slide1-1.jpg 960w, https:\/\/gessoartedecor.com.br\/wp-content\/uploads\/2020\/04\/Slide1-1-300x300.jpg 300w, https:\/\/gessoartedecor.com.br\/wp-content\/uploads\/2020\/04\/Slide1-1-100x100.jpg 100w, https:\/\/gessoartedecor.com.br\/wp-content\/uploads\/2020\/04\/Slide1-1-600x600.jpg 600w, https:\/\/gessoartedecor.com.br\/wp-content\/uploads\/2020\/04\/Slide1-1-150x150.jpg 150w, https:\/\/gessoartedecor.com.br\/wp-content\/uploads\/2020\/04\/Slide1-1-768x768.jpg 768w, https:\/\/gessoartedecor.com.br\/wp-content\/uploads\/2020\/04\/Slide1-1-60x60.jpg 60w, https:\/\/gessoartedecor.com.br\/wp-content\/uploads\/2020\/04\/Slide1-1-468x468.jpg 468w\" sizes=\"auto, (max-width: 500px) 100vw, 500px\" \/><\/td>\n<td style=\"width: 50%;\"><img loading=\"lazy\" decoding=\"async\" class=\"alignleft wp-image-326\" title=\"Gesso Liso\" src=\"https:\/\/gessoartedecor.com.br\/wp-content\/uploads\/2020\/04\/Gesso-liso-e-forro-em-drywall-300x300.jpg\" alt=\"Gesso Liso\" width=\"500\" height=\"500\" srcset=\"https:\/\/gessoartedecor.com.br\/wp-content\/uploads\/2020\/04\/Gesso-liso-e-forro-em-drywall-300x300.jpg 300w, https:\/\/gessoartedecor.com.br\/wp-content\/uploads\/2020\/04\/Gesso-liso-e-forro-em-drywall-100x100.jpg 100w, https:\/\/gessoartedecor.com.br\/wp-content\/uploads\/2020\/04\/Gesso-liso-e-forro-em-drywall-600x600.jpg 600w, https:\/\/gessoartedecor.com.br\/wp-content\/uploads\/2020\/04\/Gesso-liso-e-forro-em-drywall-150x150.jpg 150w, https:\/\/gessoartedecor.com.br\/wp-content\/uploads\/2020\/04\/Gesso-liso-e-forro-em-drywall-768x768.jpg 768w, https:\/\/gessoartedecor.com.br\/wp-content\/uploads\/2020\/04\/Gesso-liso-e-forro-em-drywall-60x60.jpg 60w, https:\/\/gessoartedecor.com.br\/wp-content\/uploads\/2020\/04\/Gesso-liso-e-forro-em-drywall-468x468.jpg 468w, https:\/\/gessoartedecor.com.br\/wp-content\/uploads\/2020\/04\/Gesso-liso-e-forro-em-drywall.jpg 960w\" sizes=\"auto, (max-width: 500px) 100vw, 500px\" \/><\/td>\n<\/tr>\n<\/tbody>\n<\/table>\n<h1><span style=\"font-family: 'arial black', sans-serif;\"><em><span style=\"color: #ff6600;\"><strong>Gesso Liso.<\/strong><\/span><\/em><\/span><\/h1>\n<p><span style=\"font-size: 18pt; font-family: helvetica, arial, sans-serif;\">Gesso Liso\u00a0 aplica\u00e7\u00e3o em paredes e tetos, proporciona ao construtor varias vantagens, desde que bem planejado e executado.<\/span><\/p>\n<p><span style=\"font-size: 18pt; font-family: helvetica, arial, sans-serif;\">Al\u00e9m do custo reduzido, o material oferece rapidez de execu\u00e7\u00e3o e um excelente acabamento.<\/span><\/p>\n<p><span style=\"font-size: 18pt; font-family: helvetica, arial, sans-serif;\"> Se o cliente desejar, <strong>trabalhamos com a distribui\u00e7\u00e3o do gesso<\/strong> com excelente qualidade e pre\u00e7o justo.<\/span><\/p>\n<p><span style=\"font-size: 18pt; font-family: helvetica, arial, sans-serif;\">Temos\u00a0 profissionais altamente qualificados e desejar fornecemos material de excelente qualidade.\u00a0 Servi\u00e7o com\u00a0 rapidez na execu\u00e7\u00e3o e com excelente qualidade.<\/span><\/p>\n<p><span style=\"font-size: 18pt; font-family: helvetica, arial, sans-serif;\">Ideal para acabamento em paredes e tetos traz agilidade e economia ao empreendimento e acabamento excepcional. Corrigi qualquer imperfei\u00e7\u00e3o da alvenaria. \u00c9 r\u00e1pido e de f\u00e1cil aplica\u00e7\u00e3o.<\/span><\/p>\n<p><span style=\"font-size: 18pt; font-family: helvetica, arial, sans-serif;\">\u00c9 aplicado em paredes e tetos com ou sem reboco.<\/span><\/p>\n<table style=\"border-collapse: collapse; width: 100%;\">\n<tbody>\n<tr>\n<td style=\"width: 50%;\"><img loading=\"lazy\" decoding=\"async\" class=\"aligncenter wp-image-287\" title=\"Gesso Liso\" src=\"https:\/\/gessoartedecor.com.br\/wp-content\/uploads\/2020\/04\/Gesso-Liso-300x300.jpg\" alt=\"Gesso Liso\" width=\"500\" height=\"500\" srcset=\"https:\/\/gessoartedecor.com.br\/wp-content\/uploads\/2020\/04\/Gesso-Liso-300x300.jpg 300w, https:\/\/gessoartedecor.com.br\/wp-content\/uploads\/2020\/04\/Gesso-Liso-100x100.jpg 100w, https:\/\/gessoartedecor.com.br\/wp-content\/uploads\/2020\/04\/Gesso-Liso-600x600.jpg 600w, https:\/\/gessoartedecor.com.br\/wp-content\/uploads\/2020\/04\/Gesso-Liso-150x150.jpg 150w, https:\/\/gessoartedecor.com.br\/wp-content\/uploads\/2020\/04\/Gesso-Liso-768x768.jpg 768w, https:\/\/gessoartedecor.com.br\/wp-content\/uploads\/2020\/04\/Gesso-Liso-60x60.jpg 60w, https:\/\/gessoartedecor.com.br\/wp-content\/uploads\/2020\/04\/Gesso-Liso-468x468.jpg 468w, https:\/\/gessoartedecor.com.br\/wp-content\/uploads\/2020\/04\/Gesso-Liso.jpg 960w\" sizes=\"auto, (max-width: 500px) 100vw, 500px\" \/><\/td>\n<td style=\"width: 50%;\"><img loading=\"lazy\" decoding=\"async\" class=\"aligncenter wp-image-415\" src=\"https:\/\/gessoartedecor.com.br\/wp-content\/uploads\/2020\/04\/gesso-liso-ou-3d-1-300x300.jpg\" alt=\"Gesso Liso ou Gesso 3D\" width=\"500\" height=\"500\" srcset=\"https:\/\/gessoartedecor.com.br\/wp-content\/uploads\/2020\/04\/gesso-liso-ou-3d-1-300x300.jpg 300w, https:\/\/gessoartedecor.com.br\/wp-content\/uploads\/2020\/04\/gesso-liso-ou-3d-1-100x100.jpg 100w, https:\/\/gessoartedecor.com.br\/wp-content\/uploads\/2020\/04\/gesso-liso-ou-3d-1-600x600.jpg 600w, https:\/\/gessoartedecor.com.br\/wp-content\/uploads\/2020\/04\/gesso-liso-ou-3d-1-150x150.jpg 150w, https:\/\/gessoartedecor.com.br\/wp-content\/uploads\/2020\/04\/gesso-liso-ou-3d-1-768x768.jpg 768w, https:\/\/gessoartedecor.com.br\/wp-content\/uploads\/2020\/04\/gesso-liso-ou-3d-1-60x60.jpg 60w, https:\/\/gessoartedecor.com.br\/wp-content\/uploads\/2020\/04\/gesso-liso-ou-3d-1-468x468.jpg 468w, https:\/\/gessoartedecor.com.br\/wp-content\/uploads\/2020\/04\/gesso-liso-ou-3d-1.jpg 960w\" sizes=\"auto, (max-width: 500px) 100vw, 500px\" \/><\/td>\n<\/tr>\n<\/tbody>\n<\/table>\n<h2><span style=\"font-size: 24pt; color: #ff6600; font-family: arial, helvetica, sans-serif;\"><em><strong>Gesso Liso Aplica\u00e7\u00e3o.<\/strong><\/em><\/span><\/h2>\n<p><span style=\"font-size: 18pt; font-family: helvetica, arial, sans-serif;\"><strong>Gesso Liso teto e parede:<\/strong> para aplica\u00e7\u00e3o em teto e paredes com excelente acabamento.<\/span><\/p>\n<p><span style=\"font-size: 18pt; font-family: helvetica, arial, sans-serif;\"><strong>Gesso Desempenado:<\/strong>\u00a0\u00e9 aplicado em camada fina seguindo a alvenaria, eliminando eventuais ondula\u00e7\u00f5es,\u00a0substitui o chapisco, o embo\u00e7o, o reboco e a massa corrida, com excelente acabamento.<\/span><\/p>\n<p><span style=\"font-size: 18pt; font-family: helvetica, arial, sans-serif;\">Acabamento de Luxo e Beleza!<\/span><\/p>\n<table style=\"border-collapse: collapse; width: 100%;\">\n<tbody>\n<tr>\n<td style=\"width: 50%;\"><img loading=\"lazy\" decoding=\"async\" class=\"aligncenter wp-image-412\" src=\"https:\/\/gessoartedecor.com.br\/wp-content\/uploads\/2020\/04\/51737918_2516810025014526_3186956310197305mmmm344_o-300x300.jpg\" alt=\"Aplica\u00e7\u00e3o Em Gesso \u00e9 na Arte Decor.\" width=\"500\" height=\"500\" srcset=\"https:\/\/gessoartedecor.com.br\/wp-content\/uploads\/2020\/04\/51737918_2516810025014526_3186956310197305mmmm344_o-300x300.jpg 300w, https:\/\/gessoartedecor.com.br\/wp-content\/uploads\/2020\/04\/51737918_2516810025014526_3186956310197305mmmm344_o-100x100.jpg 100w, https:\/\/gessoartedecor.com.br\/wp-content\/uploads\/2020\/04\/51737918_2516810025014526_3186956310197305mmmm344_o-600x600.jpg 600w, https:\/\/gessoartedecor.com.br\/wp-content\/uploads\/2020\/04\/51737918_2516810025014526_3186956310197305mmmm344_o-150x150.jpg 150w, https:\/\/gessoartedecor.com.br\/wp-content\/uploads\/2020\/04\/51737918_2516810025014526_3186956310197305mmmm344_o-768x768.jpg 768w, https:\/\/gessoartedecor.com.br\/wp-content\/uploads\/2020\/04\/51737918_2516810025014526_3186956310197305mmmm344_o-60x60.jpg 60w, https:\/\/gessoartedecor.com.br\/wp-content\/uploads\/2020\/04\/51737918_2516810025014526_3186956310197305mmmm344_o-468x468.jpg 468w, https:\/\/gessoartedecor.com.br\/wp-content\/uploads\/2020\/04\/51737918_2516810025014526_3186956310197305mmmm344_o.jpg 960w\" sizes=\"auto, (max-width: 500px) 100vw, 500px\" \/><\/td>\n<td style=\"width: 50%;\"><img loading=\"lazy\" decoding=\"async\" class=\"aligncenter wp-image-509\" title=\"Gesso Liso\" src=\"https:\/\/gessoartedecor.com.br\/wp-content\/uploads\/2020\/05\/51003418_2487231254639070_6850678188096356mmmm352_o-300x300.jpg\" alt=\"Gesso Liso\" width=\"500\" height=\"500\" srcset=\"https:\/\/gessoartedecor.com.br\/wp-content\/uploads\/2020\/05\/51003418_2487231254639070_6850678188096356mmmm352_o-300x300.jpg 300w, https:\/\/gessoartedecor.com.br\/wp-content\/uploads\/2020\/05\/51003418_2487231254639070_6850678188096356mmmm352_o-100x100.jpg 100w, https:\/\/gessoartedecor.com.br\/wp-content\/uploads\/2020\/05\/51003418_2487231254639070_6850678188096356mmmm352_o-600x600.jpg 600w, https:\/\/gessoartedecor.com.br\/wp-content\/uploads\/2020\/05\/51003418_2487231254639070_6850678188096356mmmm352_o-150x150.jpg 150w, https:\/\/gessoartedecor.com.br\/wp-content\/uploads\/2020\/05\/51003418_2487231254639070_6850678188096356mmmm352_o-768x768.jpg 768w, https:\/\/gessoartedecor.com.br\/wp-content\/uploads\/2020\/05\/51003418_2487231254639070_6850678188096356mmmm352_o-60x60.jpg 60w, https:\/\/gessoartedecor.com.br\/wp-content\/uploads\/2020\/05\/51003418_2487231254639070_6850678188096356mmmm352_o-468x468.jpg 468w, https:\/\/gessoartedecor.com.br\/wp-content\/uploads\/2020\/05\/51003418_2487231254639070_6850678188096356mmmm352_o.jpg 960w\" sizes=\"auto, (max-width: 500px) 100vw, 500px\" \/><\/td>\n<\/tr>\n<\/tbody>\n<\/table>\n<h3><span style=\"font-family: arial, helvetica, sans-serif;\"><em><span style=\"font-size: 24pt; color: #ff6600;\"><strong>Sugest\u00f5es do uso do gesso:<\/strong><\/span><\/em><\/span><\/h3>\n<ul>\n<li><span style=\"font-size: 18pt; font-family: helvetica, arial, sans-serif;\">Sancas.<\/span><\/li>\n<li><span style=\"font-size: 18pt; font-family: helvetica, arial, sans-serif;\">Pequenos acabamentos para fechamento de espa\u00e7os.<\/span><\/li>\n<li><span style=\"font-size: 18pt; font-family: helvetica, arial, sans-serif;\">Apartamentos.<\/span><\/li>\n<li><span style=\"font-size: 18pt; font-family: helvetica, arial, sans-serif;\">Paredes de madeira ou fechamento com DryWall.<\/span><\/li>\n<li><span style=\"font-size: 18pt; font-family: helvetica, arial, sans-serif;\">Paredes internas.<\/span><\/li>\n<\/ul>\n<p><span style=\"font-size: 18pt; font-family: helvetica, arial, sans-serif;\">O uso do gesso em substitui\u00e7\u00e3o ao reboco tradicional \u00e9 uma alternativa bastante indicada para muitos casos e ele apresenta algumas vantagens como:<\/span><\/p>\n<h3><span style=\"font-family: arial, helvetica, sans-serif;\"><em><span style=\"font-size: 24pt; color: #ff6600;\">Pontos Positivos e Vantagens do Acabamento em Gesso Liso.<\/span><\/em><\/span><\/h3>\n<ul>\n<li><span style=\"font-size: 18pt; font-family: arial, helvetica, sans-serif;\">N\u00e3o precisa de aplica\u00e7\u00e3o de selador antes da aplica\u00e7\u00e3o;<\/span><\/li>\n<li><span style=\"font-size: 18pt; font-family: arial, helvetica, sans-serif;\">Seca bem mais r\u00e1pido que a massa corrida;<\/span><\/li>\n<li><span style=\"font-size: 18pt; font-family: arial, helvetica, sans-serif;\">Pode ser aplicado diretamente sobre o concreto;<\/span><\/li>\n<li><span style=\"font-size: 18pt; font-family: arial, helvetica, sans-serif;\">A aplica\u00e7\u00e3o \u00e9 r\u00e1pida o que gera economia de tempo;<\/span><\/li>\n<li><span style=\"font-size: 18pt; font-family: arial, helvetica, sans-serif;\">Custo menor que outros acabamentos tradicionais;<\/span><\/li>\n<li><span style=\"font-size: 18pt; font-family: arial, helvetica, sans-serif;\">Rapidez na aplica\u00e7\u00e3o;<\/span><\/li>\n<li><span style=\"font-size: 18pt; font-family: arial, helvetica, sans-serif;\">Excelente acabamento da parede.<\/span><\/li>\n<\/ul>\n","protected":false},"excerpt":{"rendered":"<p>Gesso Liso. Gesso Liso\u00a0 aplica\u00e7\u00e3o em paredes e tetos, proporciona ao construtor varias vantagens, desde que bem planejado e executado. Al\u00e9m do custo reduzido, o material oferece rapidez de execu\u00e7\u00e3o e um excelente acabamento. Se o cliente desejar, trabalhamos com<\/p>\n","protected":false},"author":1,"featured_media":306,"parent":0,"menu_order":0,"comment_status":"closed","ping_status":"closed","template":"","meta":{"_joinchat":[],"footnotes":""},"class_list":["post-246","page","type-page","status-publish","has-post-thumbnail","hentry"],"_links":{"self":[{"href":"https:\/\/gessoartedecor.com.br\/index.php?rest_route=\/wp\/v2\/pages\/246","targetHints":{"allow":["GET"]}}],"collection":[{"href":"https:\/\/gessoartedecor.com.br\/index.php?rest_route=\/wp\/v2\/pages"}],"about":[{"href":"https:\/\/gessoartedecor.com.br\/index.php?rest_route=\/wp\/v2\/types\/page"}],"author":[{"embeddable":true,"href":"https:\/\/gessoartedecor.com.br\/index.php?rest_route=\/wp\/v2\/users\/1"}],"replies":[{"embeddable":true,"href":"https:\/\/gessoartedecor.com.br\/index.php?rest_route=%2Fwp%2Fv2%2Fcomments&post=246"}],"version-history":[{"count":19,"href":"https:\/\/gessoartedecor.com.br\/index.php?rest_route=\/wp\/v2\/pages\/246\/revisions"}],"predecessor-version":[{"id":7978,"href":"https:\/\/gessoartedecor.com.br\/index.php?rest_route=\/wp\/v2\/pages\/246\/revisions\/7978"}],"wp:featuredmedia":[{"embeddable":true,"href":"https:\/\/gessoartedecor.com.br\/index.php?rest_route=\/wp\/v2\/media\/306"}],"wp:attachment":[{"href":"https:\/\/gessoartedecor.com.br\/index.php?rest_route=%2Fwp%2Fv2%2Fmedia&parent=246"}],"curies":[{"name":"wp","href":"https:\/\/api.w.org\/{rel}","templated":true}]}}